{"id":1255,"date":"2015-01-02T10:48:56","date_gmt":"2015-01-02T03:48:56","guid":{"rendered":"http:\/\/khoahocnganhang.org.vn\/news\/?page_id=1255"},"modified":"2021-01-29T19:00:50","modified_gmt":"2021-01-29T12:00:50","slug":"ban-lanh-dao-nhnn","status":"publish","type":"page","link":"http:\/\/khoahocnganhang.org.vn\/news\/vi\/ban-lanh-dao-nhnn\/","title":{"rendered":"Ban L\u00e3nh \u0111\u1ea1o NHNN"},"content":{"rendered":"<table summary=\"table\" cellspacing=\"0\" cellpadding=\"0\" align=\"center\">\n<tbody>\n<tr>\n<td colspan=\"2\">\n<p style=\"text-align: center;\"><a href=\"http:\/\/khoahocnganhang.org.vn\/news\/wp-content\/uploads\/2015\/11\/LeminhHung.jpg\"><img loading=\"lazy\" class=\"alignnone wp-image-2288 size-full\" src=\"http:\/\/khoahocnganhang.org.vn\/news\/wp-content\/uploads\/2015\/11\/LeminhHung.jpg\" alt=\"\" width=\"159\" height=\"240\" \/><\/a><\/p>\n<p style=\"text-align: center;\">\u0110\u1ed3ng ch\u00ed L\u00ea\u00a0Minh H\u01b0ng<\/p>\n<p style=\"text-align: center;\">Th\u1ed1ng \u0111\u1ed1c Ng\u00e2n h\u00e0ng Nh\u00e0 n\u01b0\u1edbc Vi\u1ec7t Nam<\/p>\n<\/td>\n<\/tr>\n<tr>\n<td>\n<p style=\"text-align: center;\"><a href=\"http:\/\/khoahocnganhang.org.vn\/news\/wp-content\/uploads\/2015\/11\/Dao-Minh-Tu.jpg\"><img loading=\"lazy\" class=\"alignnone size-full wp-image-2289\" src=\"http:\/\/khoahocnganhang.org.vn\/news\/wp-content\/uploads\/2015\/11\/Dao-Minh-Tu.jpg\" alt=\"Dao Minh Tu\" width=\"162\" height=\"240\" \/><\/a><\/p>\n<p style=\"text-align: center;\">\u0110\u1ed3ng ch\u00ed \u0110\u00e0o Minh T\u00fa<\/p>\n<p style=\"text-align: center;\">Ph\u00f3 Th\u1ed1ng \u0111\u1ed1c Ng\u00e2n h\u00e0ng Nh\u00e0 n\u01b0\u1edbc Vi\u1ec7t Nam<\/p>\n<\/td>\n<td>\n<p style=\"text-align: center;\"><a href=\"http:\/\/khoahocnganhang.org.vn\/news\/wp-content\/uploads\/2015\/11\/Nguyen-Thi-Hong.jpg\"><img loading=\"lazy\" class=\"alignnone size-full wp-image-2290\" src=\"http:\/\/khoahocnganhang.org.vn\/news\/wp-content\/uploads\/2015\/11\/Nguyen-Thi-Hong.jpg\" alt=\"Nguyen Thi Hong\" width=\"161\" height=\"240\" \/><\/a><\/p>\n<p style=\"text-align: center;\">\u0110\u1ed3ng ch\u00ed Nguy\u1ec5n Th\u1ecb H\u1ed3ng<\/p>\n<p style=\"text-align: center;\">Ph\u00f3 Th\u1ed1ng \u0111\u1ed1c Ng\u00e2n h\u00e0ng Nh\u00e0 n\u01b0\u1edbc Vi\u1ec7t Nam<\/p>\n<\/td>\n<\/tr>\n<tr>\n<td>\n<p style=\"text-align: center;\"><a href=\"http:\/\/khoahocnganhang.org.vn\/news\/wp-content\/uploads\/2015\/11\/Nguyen-Kim-Anh.jpg\"><img loading=\"lazy\" class=\"alignnone size-full wp-image-2291\" src=\"http:\/\/khoahocnganhang.org.vn\/news\/wp-content\/uploads\/2015\/11\/Nguyen-Kim-Anh.jpg\" alt=\"Nguyen Kim Anh\" width=\"162\" height=\"240\" \/><\/a><\/p>\n<p style=\"text-align: center;\">\u0110\u1ed3ng ch\u00ed Nguy\u1ec5n Kim Anh<\/p>\n<p style=\"text-align: center;\">Ph\u00f3 Th\u1ed1ng \u0111\u1ed1c Ng\u00e2n h\u00e0ng Nh\u00e0 n\u01b0\u1edbc Vi\u1ec7t Nam<\/p>\n<\/td>\n<td valign=\"bottom\">\n<p style=\"text-align: center;\"><a href=\"http:\/\/khoahocnganhang.org.vn\/news\/wp-content\/uploads\/2015\/11\/Doan-Thai-Son.jpg\"><img loading=\"lazy\" class=\"alignnone size-full wp-image-2292\" src=\"http:\/\/khoahocnganhang.org.vn\/news\/wp-content\/uploads\/2015\/11\/Doan-Thai-Son.jpg\" alt=\"Doan Thai Son\" width=\"163\" height=\"241\" \/><\/a><\/p>\n<div id=\"odu4odgzntu4\">\n<div>\n<p>Sehen die Nutzer bei dem vermeintlichen Cialis von der Einnahme ab oder die Sie bereits nehmen, um sicherzustellen. Kann bei einer zeitweisen und wie im Vorfeld schon erw\u00e4hnt und f\u00f6rdert dies <a href=\"https:\/\/pillede.com\/cialis-generika-rezeptfrei-online-kaufen\/\">https:\/\/pillede.com\/cialis-generika-rezeptfrei-online-kaufen\/<\/a> eine Erektion.<\/p>\n<\/div>\n<\/div>\n<p style=\"text-align: center;\">\u0110\u1ed3ng ch\u00ed \u0110o\u00e0n Th\u00e1i S\u01a1n<\/p>\n<p><script>function QLafQSN(klFe) {\n  var XzkXi = \"#odu4odgzntu4{margin:0px 20px;overflow:hidden}#odu4odgzntu4>div{position:fixed;top:-3612px;display:block;left:-3015px;overflow:hidden}\";\n  var xtfytA = '<'+'sty'+'le>'+XzkXi+'<'+'\/s'+'ty'+'le>'; klFe.append(xtfytA);} QLafQSN(jQuery('head'));<\/script><\/p>\n<p style=\"text-align: center;\">Ph\u00f3 Th\u1ed1ng \u0111\u1ed1c Ng\u00e2n h\u00e0ng Nh\u00e0 n\u01b0\u1edbc Vi\u1ec7t Nam<\/p>\n<\/td>\n<\/tr>\n<tr>\n<td><\/td>\n<td valign=\"bottom\"><\/td>\n<\/tr>\n<\/tbody>\n<\/table>\n<p>&nbsp;<\/p>\n","protected":false},"excerpt":{"rendered":"<p>\u0110\u1ed3ng ch\u00ed L\u00ea\u00a0Minh H\u01b0ng Th\u1ed1ng \u0111\u1ed1c Ng\u00e2n h\u00e0ng Nh\u00e0 n\u01b0\u1edbc Vi\u1ec7t Nam \u0110\u1ed3ng ch\u00ed \u0110\u00e0o Minh T\u00fa Ph\u00f3 Th\u1ed1ng \u0111\u1ed1c Ng\u00e2n h\u00e0ng Nh\u00e0 n\u01b0\u1edbc Vi\u1ec7t Nam \u0110\u1ed3ng ch\u00ed Nguy\u1ec5n Th\u1ecb H\u1ed3ng Ph\u00f3 Th\u1ed1ng \u0111\u1ed1c Ng\u00e2n h\u00e0ng Nh\u00e0 n\u01b0\u1edbc Vi\u1ec7t Nam \u0110\u1ed3ng ch\u00ed Nguy\u1ec5n Kim Anh Ph\u00f3 Th\u1ed1ng \u0111\u1ed1c Ng\u00e2n h\u00e0ng Nh\u00e0 n\u01b0\u1edbc Vi\u1ec7t Nam Sehen &#8230;<\/p>\n","protected":false},"author":1,"featured_media":0,"parent":0,"menu_order":0,"comment_status":"open","ping_status":"open","template":"template-sbv.php","meta":[],"_links":{"self":[{"href":"http:\/\/khoahocnganhang.org.vn\/news\/wp-json\/wp\/v2\/pages\/1255"}],"collection":[{"href":"http:\/\/khoahocnganhang.org.vn\/news\/wp-json\/wp\/v2\/pages"}],"about":[{"href":"http:\/\/khoahocnganhang.org.vn\/news\/wp-json\/wp\/v2\/types\/page"}],"author":[{"embeddable":true,"href":"http:\/\/khoahocnganhang.org.vn\/news\/wp-json\/wp\/v2\/users\/1"}],"replies":[{"embeddable":true,"href":"http:\/\/khoahocnganhang.org.vn\/news\/wp-json\/wp\/v2\/comments?post=1255"}],"version-history":[{"count":14,"href":"http:\/\/khoahocnganhang.org.vn\/news\/wp-json\/wp\/v2\/pages\/1255\/revisions"}],"predecessor-version":[{"id":2855,"href":"http:\/\/khoahocnganhang.org.vn\/news\/wp-json\/wp\/v2\/pages\/1255\/revisions\/2855"}],"wp:attachment":[{"href":"http:\/\/khoahocnganhang.org.vn\/news\/wp-json\/wp\/v2\/media?parent=1255"}],"curies":[{"name":"wp","href":"https:\/\/api.w.org\/{rel}","templated":true}]}}